is the hundreds digit of h(12)?
1
What is the tens digit of (-2)/(-6) - 1045/(-33)?
3
Let f(m) = -19*m - 75. What is the hundreds digit of f(-10)?
1
Let y be 0*(2 - (-3)/(-2)). Suppose y = -5*i + i - 5*j + 38, 5*j + 10 = 0. What is the tens digit of i?
1
Let k be (-16)/6*18/(-12). Suppose -2*q - 20 = -k*q. What is the units digit of (q/4)/(5/10)?
5
Suppose -13 = 4*o - 9. What is the units digit of (-2 - -3)*(o - -9)?
8
Let x(o) = o**3 + 25*o**2 - 4*o + 57. What is the tens digit of x(-25)?
5
Let q(w) = 4*w + 1. Let c be 2/6 - (-8)/12. What is the units digit of q(c)?
5
Suppose -156 = -2*m + 162. What is the units digit of m?
9
Let j = 13 + -42. Let c = 5 - j. What is the tens digit of c?
3
Suppose -p = 5*q + 8, 3*q - q = -3*p - 11. Let m = 6 + p. Let u = m - 2. What is the units digit of u?
1
Let x = 15 - -6. What is the units digit of x?
1
Suppose 4*l + 5*r = 9 + 6, 3*r - 9 = 2*l. Let o(c) = -c - 15. Let b be o(l). What is the tens digit of (3 + -3)/(-1) - b?
1
Let f = -19 - -27. Suppose 0*m = 4*m - f. What is the units digit of m?
2
Let t = 9 + -5. Suppose -5 = -t*i + 7. Suppose 2 = i*m - 25. What is the units digit of m?
9
Suppose 0*q + 6 = -2*q. Let z(t) = -4*t - 1. What is the tens digit of z(q)?
1
Suppose -4*m = -2*f + 284, -4*f - 5*m = f - 770. What is the units digit of f?
0
Suppose -v - 2*v + 90 = 0. Suppose 0*y = -3*y + v. Let q = 14 - y. What is the units digit of q?
4
What is the units digit of 6*-1*1*(-18 + 17)?
6
Suppose 62 = o + 5*b - 16, -5*b = -3*o + 134. What is the units digit of o?
3
Let u(z) = -4*z + 1. Let n be u(-1). Let d = 9 - 1. What is the units digit of (n/4)/(2/d)?
5
Suppose 0 = 3*s - 2*s - 43. What is the units digit of s?
3
Suppose -b = -2*t - 38, 0 = -4*t - 0*t - 4*b - 100. What is the tens digit of 1 + 3/(-3) - t?
2
Suppose -5*p + 143 = -3*t, 2*p + 0*p - 2*t - 58 = 0. What is the tens digit of p?
2
Suppose 2*h = 5*h + 24. Let o = -4 - h. What is the units digit of o?
4
Suppose 5*r = -0*r + 35. What is the units digit of r?
7
Suppose 3*l - 5*y - 29 = 59, 0 = 2*y + 4. Suppose -4*u = 4*h - 18 - 6, -l = -2*h + 5*u. Let t = 18 - h. What is the tens digit of t?
1
Suppose 11*w - 5266 = -1053. What is the hundreds digit of w?
3
Suppose -j = -5*j - 140. Let s be 100/7 + 10/j. Suppose 2*y - y = s. What is the tens digit of y?
1
Let a(s) = s**2 + 9*s - 3. Let l be a(-8). What is the units digit of (-2 - (3 + -4))*l?
1
Suppose 3*g = -2*h + 7, 5*g - 9 = -2*h - 2*h. Let k(z) = -z**2 - 6 + 2*z**2 + 2*z - 4*z. What is the units digit of k(g)?
9
Let f(y) = -y**3 + 6*y**2 + 4*y - 2. What is the units digit of f(5)?
3
Suppose -138 = -2*m - h + 4*h, -5*h = 4*m - 298. Suppose -v - 3*v = -m. What is the tens digit of 202/v - (-4)/(-18)?
1
Suppose 0*c = 4*c + 2*b - 268, -254 = -4*c + 5*b. What is the units digit of c?
6
Let o(r) be the second derivative of -3*r**3/2 - r**2/2 + 2*r. What is the units digit of o(-3)?
6
Suppose 4*m = -m + 60. Let s = m + -7. What is the units digit of s?
5
Let c = 8 - -19. What is the units digit of c?
7
Let y be 1 - (-70 - (-2)/2). Suppose -100 = -5*z + y. What is the tens digit of z?
3
Let h = 77 + 0. Let l = h + -55. What is the tens digit of l?
2
What is the units digit of 272 - -4*2/(-8)?
1
Let h(p) = 8*p**2 + p. Let f be -2 - ((0 - -1) + 0). Let r = 2 + f. What is the units digit of h(r)?
7
Suppose 183 = 5*f - 2*f + 3*l, -4*l = 5*f - 300. What is the tens digit of f?
5
Let d be (18/21)/((-1)/7). Let b be (-4)/d - (-6)/18. Let p(z) = 10*z**2 - z + 1. What is the tens digit of p(b)?
1
Suppose q + 120 = -q. Let i = q + 87. What is the tens digit of i?
2
Suppose l = 4*m + 44, 4*l - 5*m = -71 + 192. What is the units digit of l?
4
Suppose -3*j - 2*j = -15. What is the units digit of j?
3
Suppose -118 = -4*o - 10. What is the tens digit of (-6)/27 - (-600)/o?
2
Let m(y) = 4*y + 6 + 5*y**2 - 6*y**2 + 2*y**2. What is the tens digit of m(-6)?
1
Let x(v) = v + 32. Let q = -10 - -10. What is the units digit of x(q)?
2
Let g(t) be the third derivative of -t**4/24 - t**3/2 - t**2. Let k be g(-5). Suppose 3*i = -k*r + 12, -2*r - 2*i - 4 = -18. What is the units digit of r?
9
Suppose -3 = -3*x + 6. Suppose -x*m + 21 = -0*m. What is the units digit of m?
7
Let h be 3 + 1*(4 - 2). Let g be (0 - 2) + h - 0. Suppose -w + 12 = g*w. What is the units digit of w?
3
Let y be 9 - (-2 - (1 - 1)). Suppose -4*i - y = -35. What is the units digit of i?
6
Let z(f) = 6*f. Let j be z(1). Suppose -4*u - 42 = -j*u. Suppose -u = -4*n + 15. What is the units digit of n?
9
Let p(l) = -6*l**3. Let z(o) = o + 4*o**2 + 0*o - 1 + o**3 + 2*o. Let n be z(-3). What is the units digit of p(n)?
6
Let u be (-2 - -10*5)*1. Suppose 3*f + u = 5*f - 4*a, -3*f + a = -47. What is the units digit of (2 + 6/(-4))*f?
7
What is the units digit of (355/10)/(1/2)?
1
Let c(g) = 9*g + 16. What is the units digit of c(5)?
1
Let x = 14 + -6. Let u = x + -4. What is the units digit of 1/2 + 22/u?
6
Let v be 7*(-1 + (-31)/(-7)). What is the units digit of (1/(-2))/((-4)/v)?
3
Suppose 5*c = -5*d + 80, 0*c + 36 = 2*d + 4*c. Let k = d - 4. What is the tens digit of k?
1
Let p(g) be the first derivative of g**4/4 - 5*g**3/3 - 3*g**2/2 + 6*g + 3. What is the units digit of p(6)?
4
Let m(u) = -u**3 + 9*u**2 + 5. Let t be m(9). Suppose 0 = 4*j - t*c - 75, 52 = 4*j + 2*c - 2. What is the units digit of j?
5
Suppose 31 = -w - 2*y, 4*w + 3*y = -2*y - 112. Let s = w + 34. What is the tens digit of s?
1
Let f(p) = -p**3 + 4*p**2 + 5*p + 4. Let g be f(5). Suppose -m + 525 = g*m. Suppose -5*a + m = -0*a. What is the tens digit of a?
2
Suppose -5*v - 4*s - 24 = 39, 5*v - 2*s = -81. Let t = v + 30. Let c = 28 - t. What is the tens digit of c?
1
What is the tens digit of (-49)/(-3)*(22 + -19)?
4
Let g = 16 + 12. What is the units digit of g?
8
Let o be 12*(0 - 1/(-3)). Suppose -l + 65 = o*l. What is the units digit of l?
3
Suppose -j - 91 = -3*i + 3*j, -5*i - 5*j + 140 = 0. What is the tens digit of i + (-2 - 0) + 0?
2
Let b(f) = 2*f**2 - 6*f + 2. Suppose p = 3*p - 8. What is the units digit of b(p)?
0
Suppose -4*z = z - 2*t - 304, 0 = 5*z + 2*t - 316. Suppose -2*f + 3*w = -z, 4*f - 2*f - 5*w = 66. What is the units digit of f?
8
Let p(x) = -x**3 - 5*x**2 - x - 4. Let t be p(-5). Let i(h) = h**2 + 1. What is the units digit of i(t)?
2
Suppose 4*n = 2*n + 6. Suppose 0 = -3*u - 0 + n. What is the units digit of u?
1
Let n(z) = -17*z - 1. Let v be n(-1). Let o = v + -5. What is the tens digit of o?
1
Let t = 6 + -6. Suppose k + 1 = -t*k, -a - 4*k = -3. Let s = a - 3. What is the units digit of s?
4
Let t be (3 + -1)*3/2. Let k(v) = 0 - t*v + 0*v - 1 + 0*v + 2*v**2. What is the units digit of k(3)?
8
Let n = 1 - -1. Suppose -o + n + 3 = 0. Let q = o - -10. What is the units digit of q?
5
Let f(x) = 1 + 2*x**2 - x + 0*x + 2*x. Suppose 0 = -0*w - 3*w - 6. What is the units digit of f(w)?
7
Let s be 36/(-18) - 24/(-2). Suppose 24 + s = t. What is the tens digit of t?
3
Suppose 2*y - 10 = -3*y. What is the units digit of 12/y*(-42)/(-9)?
8
Suppose p = -3*q - 0*q + 32, p + 5*q - 40 = 0. What is the tens digit of (-1 + 0)/((-2)/p)?
1
Suppose -v - 12 + 56 = 0. What is the tens digit of v?
4
Suppose 3*y - 106 = 4*q, -2*y = 3*q - 0*y + 88. Let z = -19 - q. What is the units digit of z?
9
Let c = 13 - 4. Let q = 26 - c. What is the tens digit of q?
1
Let t(q) = 6*q - 19. What is the units digit of t(6)?
7
Suppose -3*l = -229 - 86. Suppose 3*r - 4*v - l = 0, 0 = -r + 3*r - v - 75. What is the tens digit of r?
3
Let w(m) = m**3 + 9*m**2 + m + 9. Let z be w(-9). Suppose z*v = 3*v - 57. What is the tens digit of v?
1
Suppose -c - 1 = -3. What is the units digit of (-1)/(-2)*(4 + c)?
3
Suppose -35 = 3*v + 2*v. Let c be (1 + -1)/(v/7). Suppose c = -6*j + 3*j + 4*w + 28, -5*j + 40 = -5*w. What is the units digit of j?
4
Suppose -21*m = -19*m + 6. Suppose 0 = -2*x + 4*x + 4. What is the units digit of ((-208)/(-24))/(x/m)?
3
Suppose 4 = s + 3, -n + 2*s = -2. Suppose p - 2*d - 88 = -2*p, 0 = n*d - 16. Suppose -2*v = -3*v + h + 7, -2*h = -4*v + p. What is the units digit of v?
9
Let f(d) be the third derivative of d**6/120 - d**5/60 - d**4/8 - 5*d**3/6 - 8*d**2. What is the units digit of f(4)?
1
Suppose 35 = f - 6*f. Let b = f + 12. What is the units digit of b?
5
Let i(w) = -w**3 - 16*w**2 - 1